{"id":135,"date":"2026-02-05T10:55:15","date_gmt":"2026-02-05T10:55:15","guid":{"rendered":"https:\/\/reinforce.design\/?page_id=135"},"modified":"2026-02-05T14:46:59","modified_gmt":"2026-02-05T14:46:59","slug":"adaptacja-projektu-do-prefabrykacji","status":"publish","type":"page","link":"https:\/\/reinforce.design\/index.php\/adaptacja-projektu-do-prefabrykacji\/","title":{"rendered":"Adaptacja projektu do prefabrykacji"},"content":{"rendered":"\t\t<div data-elementor-type=\"wp-page\" data-elementor-id=\"135\" class=\"elementor elementor-135\">\n\t\t\t\t<div class=\"elementor-element elementor-element-9795b18 e-flex e-con-boxed qodef-elementor-content-no e-con e-parent\" data-id=\"9795b18\" data-element_type=\"container\" data-e-type=\"container\">\n\t\t\t\t\t<div class=\"e-con-inner\">\n\t\t<div class=\"elementor-element elementor-element-bf3b50f e-con-full e-flex qodef-elementor-content-no e-con e-child\" data-id=\"bf3b50f\" data-element_type=\"container\" data-e-type=\"container\">\n\t\t\t\t<div class=\"elementor-element elementor-element-a13402b elementor-widget elementor-widget-image\" data-id=\"a13402b\" data-element_type=\"widget\" data-e-type=\"widget\" data-widget_type=\"image.default\">\n\t\t\t\t\t\t\t\t\t\t\t\t\t\t\t<img fetchpriority=\"high\" decoding=\"async\" width=\"724\" height=\"1024\" src=\"https:\/\/reinforce.design\/wp-content\/uploads\/2026\/02\/P104_page-0001-724x1024.jpg\" class=\"attachment-large size-large wp-image-246\" alt=\"\" srcset=\"https:\/\/reinforce.design\/wp-content\/uploads\/2026\/02\/P104_page-0001-724x1024.jpg 724w, https:\/\/reinforce.design\/wp-content\/uploads\/2026\/02\/P104_page-0001-212x300.jpg 212w, https:\/\/reinforce.design\/wp-content\/uploads\/2026\/02\/P104_page-0001-768x1086.jpg 768w, https:\/\/reinforce.design\/wp-content\/uploads\/2026\/02\/P104_page-0001-1086x1536.jpg 1086w, https:\/\/reinforce.design\/wp-content\/uploads\/2026\/02\/P104_page-0001-1448x2048.jpg 1448w, https:\/\/reinforce.design\/wp-content\/uploads\/2026\/02\/P104_page-0001.jpg 1755w\" sizes=\"(max-width: 724px) 100vw, 724px\" \/>\t\t\t\t\t\t\t\t\t\t\t\t\t\t\t<\/div>\n\t\t\t\t<\/div>\n\t\t<div class=\"elementor-element elementor-element-5f8a828 e-con-full e-flex qodef-elementor-content-no e-con e-child\" data-id=\"5f8a828\" data-element_type=\"container\" data-e-type=\"container\">\n\t\t<div class=\"elementor-element elementor-element-41ca5b3 e-con-full e-flex qodef-elementor-content-no e-con e-child\" data-id=\"41ca5b3\" data-element_type=\"container\" data-e-type=\"container\">\n\t\t\t\t<div class=\"elementor-element elementor-element-a2b06cb elementor-widget elementor-widget-text-editor\" data-id=\"a2b06cb\" data-element_type=\"widget\" data-e-type=\"widget\" data-widget_type=\"text-editor.default\">\n\t\t\t\t\t\t\t\t\t<p style=\"background-color: #000000;\">Przekszta\u0142cam tradycyjne projekty konstrukcyjne w rozwi\u0105zania dostosowane do technologii prefabrykowanej. Opracowuj\u0119 modele, detale i dokumentacj\u0119 zgodn\u0105 z wymaganiami zak\u0142ad\u00f3w prefabrykacji, uwzgl\u0119dniaj\u0105c podzia\u0142y element\u00f3w, zbrojenie, transport oraz monta\u017c. Dzi\u0119ki temu inwestor zyskuje kr\u00f3tszy czas realizacji, wy\u017csz\u0105 powtarzalno\u015b\u0107 element\u00f3w i lepsz\u0105 kontrol\u0119 jako\u015bci, a wykonawca \u2014 dokumentacj\u0119, kt\u00f3ra realnie wspiera proces produkcji i monta\u017cu.<\/p>\n<p style=\"background-color: #000000;\"><span style=\"background-color: #000000; color: #7a7a7a;\">Wsp\u00f3\u0142pracuj\u0119 r\u00f3wnie\u017c z do\u015bwiadczonymi producentami prefabrykat\u00f3w, co umo\u017cliwia p\u0142ynne przej\u015bcie od projektu do etapu produkcji. Pozwala to na szybkie uzyskanie wycen, weryfikacj\u0119 wykonalno\u015bci oraz przygotowanie element\u00f3w zgodnie z technologi\u0105 konkretnego zak\u0142adu.&#8221;<\/span><\/p>\t\t\t\t\t\t\t\t<\/div>\n\t\t\t\t<\/div>\n\t\t<div class=\"elementor-element elementor-element-05a187b e-con-full e-flex qodef-elementor-content-no e-con e-child\" data-id=\"05a187b\" data-element_type=\"container\" data-e-type=\"container\">\n\t\t\t\t<div class=\"elementor-element elementor-element-79e35db elementor-widget elementor-widget-image\" data-id=\"79e35db\" data-element_type=\"widget\" data-e-type=\"widget\" data-widget_type=\"image.default\">\n\t\t\t\t\t\t\t\t\t\t\t\t\t\t\t<img decoding=\"async\" width=\"1024\" height=\"724\" src=\"https:\/\/reinforce.design\/wp-content\/uploads\/2026\/02\/RZUT-PREFABRYKATOW-PARTERU_page-0001-1024x724.jpg\" class=\"attachment-large size-large wp-image-241\" alt=\"\" srcset=\"https:\/\/reinforce.design\/wp-content\/uploads\/2026\/02\/RZUT-PREFABRYKATOW-PARTERU_page-0001-1024x724.jpg 1024w, https:\/\/reinforce.design\/wp-content\/uploads\/2026\/02\/RZUT-PREFABRYKATOW-PARTERU_page-0001-300x212.jpg 300w, https:\/\/reinforce.design\/wp-content\/uploads\/2026\/02\/RZUT-PREFABRYKATOW-PARTERU_page-0001-768x543.jpg 768w, https:\/\/reinforce.design\/wp-content\/uploads\/2026\/02\/RZUT-PREFABRYKATOW-PARTERU_page-0001-1536x1086.jpg 1536w, https:\/\/reinforce.design\/wp-content\/uploads\/2026\/02\/RZUT-PREFABRYKATOW-PARTERU_page-0001-2048x1448.jpg 2048w\" sizes=\"(max-width: 1024px) 100vw, 1024px\" \/>\t\t\t\t\t\t\t\t\t\t\t\t\t\t\t<\/div>\n\t\t\t\t<\/div>\n\t\t\t\t<\/div>\n\t\t\t\t\t<\/div>\n\t\t\t\t<\/div>\n\t\t\t\t<\/div>\n\t\t","protected":false},"excerpt":{"rendered":"<p>Przekszta\u0142cam tradycyjne projekty konstrukcyjne w rozwi\u0105zania dostosowane do technologii prefabrykowanej. Opracowuj\u0119 modele, detale i dokumentacj\u0119 zgodn\u0105 z wymaganiami zak\u0142ad\u00f3w prefabrykacji, uwzgl\u0119dniaj\u0105c podzia\u0142y element\u00f3w, zbrojenie, transport oraz monta\u017c. Dzi\u0119ki temu inwestor zyskuje kr\u00f3tszy czas realizacji, wy\u017csz\u0105 powtarzalno\u015b\u0107 element\u00f3w i lepsz\u0105 kontrol\u0119 jako\u015bci, a wykonawca \u2014 dokumentacj\u0119, kt\u00f3ra realnie wspiera proces produkcji i monta\u017cu. Wsp\u00f3\u0142pracuj\u0119 r\u00f3wnie\u017c z do\u015bwiadczonymi producentami prefabrykat\u00f3w, co umo\u017cliwia p\u0142ynne przej\u015bcie od projektu do etapu produkcji. Pozwala to na szybkie uzyskanie wycen, weryfikacj\u0119 wykonalno\u015bci oraz przygotowanie element\u00f3w zgodnie z technologi\u0105 konkretnego zak\u0142adu.&#8221;<\/p>\n","protected":false},"author":1,"featured_media":0,"parent":0,"menu_order":0,"comment_status":"closed","ping_status":"closed","template":"","meta":{"_crdt_document":"","_uag_custom_page_level_css":"","h5ap_radio_sources":[],"footnotes":""},"class_list":["post-135","page","type-page","status-publish","hentry"],"uagb_featured_image_src":{"full":false,"thumbnail":false,"medium":false,"medium_large":false,"large":false,"1536x1536":false,"2048x2048":false,"qode_essential_addons_image_size_square":false,"qode_essential_addons_image_size_landscape":false,"qode_essential_addons_image_size_portrait":false,"qode_essential_addons_image_size_huge-square":false},"uagb_author_info":{"display_name":"admin4286","author_link":"https:\/\/reinforce.design\/index.php\/author\/admin4286\/"},"uagb_comment_info":0,"uagb_excerpt":"Przekszta\u0142cam tradycyjne projekty konstrukcyjne w rozwi\u0105zania dostosowane do technologii prefabrykowanej. Opracowuj\u0119 modele, detale i dokumentacj\u0119 zgodn\u0105 z wymaganiami zak\u0142ad\u00f3w prefabrykacji, uwzgl\u0119dniaj\u0105c podzia\u0142y element\u00f3w, zbrojenie, transport oraz monta\u017c. Dzi\u0119ki temu inwestor zyskuje kr\u00f3tszy czas realizacji, wy\u017csz\u0105 powtarzalno\u015b\u0107 element\u00f3w i lepsz\u0105 kontrol\u0119 jako\u015bci, a wykonawca \u2014 dokumentacj\u0119, kt\u00f3ra realnie wspiera proces produkcji i monta\u017cu. Wsp\u00f3\u0142pracuj\u0119 r\u00f3wnie\u017c z&hellip;","_links":{"self":[{"href":"https:\/\/reinforce.design\/index.php\/wp-json\/wp\/v2\/pages\/135","targetHints":{"allow":["GET"]}}],"collection":[{"href":"https:\/\/reinforce.design\/index.php\/wp-json\/wp\/v2\/pages"}],"about":[{"href":"https:\/\/reinforce.design\/index.php\/wp-json\/wp\/v2\/types\/page"}],"author":[{"embeddable":true,"href":"https:\/\/reinforce.design\/index.php\/wp-json\/wp\/v2\/users\/1"}],"replies":[{"embeddable":true,"href":"https:\/\/reinforce.design\/index.php\/wp-json\/wp\/v2\/comments?post=135"}],"version-history":[{"count":35,"href":"https:\/\/reinforce.design\/index.php\/wp-json\/wp\/v2\/pages\/135\/revisions"}],"predecessor-version":[{"id":255,"href":"https:\/\/reinforce.design\/index.php\/wp-json\/wp\/v2\/pages\/135\/revisions\/255"}],"wp:attachment":[{"href":"https:\/\/reinforce.design\/index.php\/wp-json\/wp\/v2\/media?parent=135"}],"curies":[{"name":"wp","href":"https:\/\/api.w.org\/{rel}","templated":true}]}}