{"id":15,"date":"2026-02-04T14:34:14","date_gmt":"2026-02-04T14:34:14","guid":{"rendered":"https:\/\/reinforce.design\/?page_id=15"},"modified":"2026-02-05T14:12:48","modified_gmt":"2026-02-05T14:12:48","slug":"o-nas","status":"publish","type":"page","link":"https:\/\/reinforce.design\/index.php\/o-nas\/","title":{"rendered":"O nas"},"content":{"rendered":"\n<p class=\"wp-block-paragraph\">Jeste\u015bmy biurem konstrukcyjnym, kt\u00f3re \u0142\u0105czy do\u015bwiadczenie projektowe z nowoczesnym podej\u015bciem do wsp\u00f3\u0142pracy. Realizujemy projekty zar\u00f3wno lokalnie, jak i\u00a0w\u00a0pe\u0142ni zdalnie, co pozwala nam skutecznie wspiera\u0107 inwestor\u00f3w, architekt\u00f3w i wykonawc\u00f3w z ca\u0142ej Polski. Stawiamy na sprawn\u0105 komunikacj\u0119, terminowo\u015b\u0107 i\u00a0elastyczno\u015b\u0107 \u2014 niezale\u017cnie od formy wsp\u00f3\u0142pracy.<\/p>\n\n\n\n<p class=\"wp-block-paragraph\">Przygotowujemy dokumentacj\u0119 konstrukcyjn\u0105 w formie, kt\u00f3ra najlepiej odpowiada potrzebom projektu \u2014 zar\u00f3wno tradycyjne opracowania 2D, jak i modele przestrzenne u\u0142atwiaj\u0105ce koordynacj\u0119 i analiz\u0119 rozwi\u0105za\u0144. Dbamy o to, aby ka\u017cdy projekt by\u0142 czytelny, sp\u00f3jny i praktyczny na etapie realizacji, niezale\u017cnie od przyj\u0119tej technologii opracowania.<\/p>\n\n\n\n<p class=\"wp-block-paragraph\">Wsp\u00f3\u0142pracujemy z inwestorami, biurami architektonicznymi, wykonawcami, zak\u0142adami prefabrykacji oraz w kooperacji z innymi biurami konstrukcyjnymi. Dzi\u0119ki temu mo\u017cemy realizowa\u0107 projekty o r\u00f3\u017cnej skali i stopniu z\u0142o\u017cono\u015bci, korzystaj\u0105c z do\u015bwiadcze\u0144 wielu specjalist\u00f3w i dopasowuj\u0105c rozwi\u0105zania do specyfiki ka\u017cdej inwestycji.<\/p>\n","protected":false},"excerpt":{"rendered":"<p>Jeste\u015bmy biurem konstrukcyjnym, kt\u00f3re \u0142\u0105czy do\u015bwiadczenie projektowe z nowoczesnym podej\u015bciem do wsp\u00f3\u0142pracy. Realizujemy projekty zar\u00f3wno lokalnie, jak i\u00a0w\u00a0pe\u0142ni zdalnie, co pozwala nam skutecznie wspiera\u0107 inwestor\u00f3w, architekt\u00f3w i wykonawc\u00f3w z ca\u0142ej Polski. Stawiamy na sprawn\u0105 komunikacj\u0119, terminowo\u015b\u0107 i\u00a0elastyczno\u015b\u0107 \u2014 niezale\u017cnie od formy wsp\u00f3\u0142pracy. Przygotowujemy dokumentacj\u0119 konstrukcyjn\u0105 w formie, kt\u00f3ra najlepiej odpowiada potrzebom projektu \u2014 zar\u00f3wno tradycyjne opracowania 2D, jak i modele przestrzenne u\u0142atwiaj\u0105ce koordynacj\u0119 i analiz\u0119 rozwi\u0105za\u0144. Dbamy o to, aby ka\u017cdy projekt by\u0142 czytelny, sp\u00f3jny i praktyczny na etapie realizacji, niezale\u017cnie od przyj\u0119tej technologii opracowania. Wsp\u00f3\u0142pracujemy z inwestorami, biurami architektonicznymi, wykonawcami, zak\u0142adami prefabrykacji oraz w kooperacji z innymi biurami konstrukcyjnymi. Dzi\u0119ki [&hellip;]<\/p>\n","protected":false},"author":1,"featured_media":0,"parent":0,"menu_order":0,"comment_status":"closed","ping_status":"closed","template":"","meta":{"_crdt_document":"","_uag_custom_page_level_css":"","h5ap_radio_sources":[],"footnotes":""},"class_list":["post-15","page","type-page","status-publish","hentry"],"uagb_featured_image_src":{"full":false,"thumbnail":false,"medium":false,"medium_large":false,"large":false,"1536x1536":false,"2048x2048":false,"qode_essential_addons_image_size_square":false,"qode_essential_addons_image_size_landscape":false,"qode_essential_addons_image_size_portrait":false,"qode_essential_addons_image_size_huge-square":false},"uagb_author_info":{"display_name":"admin4286","author_link":"https:\/\/reinforce.design\/index.php\/author\/admin4286\/"},"uagb_comment_info":0,"uagb_excerpt":"Jeste\u015bmy biurem konstrukcyjnym, kt\u00f3re \u0142\u0105czy do\u015bwiadczenie projektowe z nowoczesnym podej\u015bciem do wsp\u00f3\u0142pracy. Realizujemy projekty zar\u00f3wno lokalnie, jak i\u00a0w\u00a0pe\u0142ni zdalnie, co pozwala nam skutecznie wspiera\u0107 inwestor\u00f3w, architekt\u00f3w i wykonawc\u00f3w z ca\u0142ej Polski. Stawiamy na sprawn\u0105 komunikacj\u0119, terminowo\u015b\u0107 i\u00a0elastyczno\u015b\u0107 \u2014 niezale\u017cnie od formy wsp\u00f3\u0142pracy. Przygotowujemy dokumentacj\u0119 konstrukcyjn\u0105 w formie, kt\u00f3ra najlepiej odpowiada potrzebom projektu \u2014 zar\u00f3wno tradycyjne&hellip;","_links":{"self":[{"href":"https:\/\/reinforce.design\/index.php\/wp-json\/wp\/v2\/pages\/15","targetHints":{"allow":["GET"]}}],"collection":[{"href":"https:\/\/reinforce.design\/index.php\/wp-json\/wp\/v2\/pages"}],"about":[{"href":"https:\/\/reinforce.design\/index.php\/wp-json\/wp\/v2\/types\/page"}],"author":[{"embeddable":true,"href":"https:\/\/reinforce.design\/index.php\/wp-json\/wp\/v2\/users\/1"}],"replies":[{"embeddable":true,"href":"https:\/\/reinforce.design\/index.php\/wp-json\/wp\/v2\/comments?post=15"}],"version-history":[{"count":6,"href":"https:\/\/reinforce.design\/index.php\/wp-json\/wp\/v2\/pages\/15\/revisions"}],"predecessor-version":[{"id":227,"href":"https:\/\/reinforce.design\/index.php\/wp-json\/wp\/v2\/pages\/15\/revisions\/227"}],"wp:attachment":[{"href":"https:\/\/reinforce.design\/index.php\/wp-json\/wp\/v2\/media?parent=15"}],"curies":[{"name":"wp","href":"https:\/\/api.w.org\/{rel}","templated":true}]}}